{"id":1178,"date":"2020-11-03T14:55:48","date_gmt":"2020-11-03T13:55:48","guid":{"rendered":"http:\/\/svalbard.pjw.no\/?page_id=1178"},"modified":"2021-09-01T12:02:26","modified_gmt":"2021-09-01T10:02:26","slug":"personvern","status":"publish","type":"page","link":"http:\/\/signsofsvalbard.com\/personvern","title":{"rendered":"Personvern"},"content":{"rendered":"\n<p>Ved \u00e5 bruke v\u00e5r nettside, www.signsofsvalbard.com aksepterer du at dine personopplysninger behandles i samsvar med denne personvernerkl\u00e6ringen.<\/p>\n\n\n\n<h3 class=\"wp-block-heading\">Hva er personopplysninger?<\/h3>\n\n\n\n<p>Personopplysninger er alle typer informasjon som direkte eller indirekte kan identifisere en fysisk person som er i live.<\/p>\n\n\n\n<h3 class=\"wp-block-heading\">Hva betyr behandling av personopplysninger?<\/h3>\n\n\n\n<p>Enhver operasjon som gj\u00f8res med personopplysningene, enten de er automatisert eller ikke.<\/p>\n\n\n\n<h3 class=\"wp-block-heading\">Kategorier med personopplysninger vi behandler:<\/h3>\n\n\n\n<p><strong><em>Kontaktinformasjon<\/em><\/strong><br>Dersom du oppgir din kontaktinformasjon benyttes den for \u00e5 kunne kontakte deg. Og hvis du handler i v\u00e5r nettbutikk er det n\u00f8dvendig for oss \u00e5 ha din kontaktinformasjon for \u00e5 kunne sende deg den varen du bestiller.<\/p>\n\n\n\n<p><strong><em>Lokalisering<\/em><\/strong><br>IP-adressen din blir lagret i Google Analytics for analysering av trafikkdata.<\/p>\n\n\n\n<h3 class=\"wp-block-heading\">M\u00e5let med behandling av personopplysninger<\/h3>\n\n\n\n<p>M\u00e5let er \u00e5 kunne gi deg en personlig tilpasset tjeneste, forbedre og optimalisere nettsiden, sende varer og tjenester du bestiller fra v\u00e5r nettbutikk, og for \u00e5 forbedre kommunikasjonen mellom oss som leverand\u00f8r og deg som kunde.<\/p>\n\n\n\n<p><strong><em>Nettsiden<\/em><\/strong><br>Vi behandler personopplysninger med respekt og forsiktighet. For \u00e5 kunne svare p\u00e5 sp\u00f8rsm\u00e5l og tilpasse informasjon og oppf\u00f8lging individuelt, ber vi om firmanavn og kontaktinformasjon ved foresp\u00f8rsler via v\u00e5r nettside.<\/p>\n\n\n\n<h3 class=\"wp-block-heading\">Mottakere av personopplysninger<\/h3>\n\n\n\n<p>Vi utleverer ikke personopplysninger til andre, og du kan til enhver tid be om innsyn i hvilken informasjon som er lagret p\u00e5 ditt firma, samt at informasjon om deg og ditt firma blir slettet.<\/p>\n\n\n\n<h3 class=\"wp-block-heading\">Informasjonskapsler (\u00abCookies\u00bb)<\/h3>\n\n\n\n<p>V\u00e5r nettside (www.signsofsvalbard.com) benytter informasjonskapsler som vi hovedsakelig bruker for trafikkm\u00e5ling og optimalisering av innhold. Ved \u00e5 bruke dette nettstedet samtykker du i at vi kan lagre informasjonskapsler i din nettleser.<\/p>\n\n\n\n<p>Informasjonskapsler er en standard internett-teknologi som de aller fleste nettsteder benytter. En informasjonskapsel lagres i din nettleser, og muliggj\u00f8r en bedre forst\u00e5else av hvordan du bruker nettsida v\u00e5r. P\u00e5 sikt bruker vi denne kunnskapen for \u00e5 tilby deg en bedre opplevelse neste gang du bes\u00f8ker den.<\/p>\n\n\n\n<p>De fleste nyere nettlesere, som Opera, Internet Explorer, Firefox, Safari, m.fl. er innstilt p\u00e5 \u00e5 akseptere informasjonskapsler automatisk. Om du ikke \u00f8nsker \u00e5 akseptere informasjonskapsler m\u00e5 du derfor selv endre innstillingene i din nettleser. Merk at slike endringer kan f\u00f8re til at enkelte nettsider ikke vil fungere optimalt.<\/p>\n\n\n\n<p>Her er en oversikt over hvilke informasjonskapsler vi bruker p\u00e5 v\u00e5re nettsider:<\/p>\n\n\n\n<p><em><strong>Egne informasjonskapsler<\/strong><\/em><br>Vi setter noen egne informasjonskapsler som brukes kun for funksjonalitet p\u00e5 nettsidene. Ingen av v\u00e5re informasjonskapsler brukes til \u00e5 spore informasjon om deg som bruker av nettsiden, og ingen tredjepart har tilgang til informasjonskapslene.<\/p>\n\n\n\n<p><em><strong>Google Analytics<\/strong><\/em><br>Google Analytics samler informasjon om hvordan du bruker nettsiden. Vi benytter denne informasjonen for \u00e5 lage rapporter i arbeidet med \u00e5 forbedre nettsiden v\u00e5r. Informasjonskapslene samler inn informasjon om totalt antall bes\u00f8kende, hvilket land du befinner deg i, og hvilke undersider du bes\u00f8ker.<\/p>\n\n\n\n<h3 class=\"wp-block-heading\">Cookies som brukes til kundeinteraksjon<\/h3>\n\n\n\n<p><strong>Google Tag Manager<\/strong><br>Brukes til \u00e5 organisere og publisere script og tagger p\u00e5 nettsiden.<\/p>\n\n\n\n<h3 class=\"wp-block-heading\">Hvor lenge personopplysninger lagres<\/h3>\n\n\n\n<p>Vi lagrer personopplysninger s\u00e5 lenge det er relevant ift. m\u00e5lsetningene oppgitt i denne personvernerkl\u00e6ringen.<\/p>\n\n\n\n<h3 class=\"wp-block-heading\">Dine rettigheter<\/h3>\n\n\n\n<p>Du kan n\u00e5r som helst be om f\u00f8lgende n\u00e5r det gjelder personopplysninger registrert om deg:<\/p>\n\n\n\n<ul><li>Innsyn (i hvilke personopplysninger vi har registrert om deg)<\/li><li>Rettelse av feil<\/li><li>Sletting<\/li><li>Dersom du \u00f8nsker personopplysningene tilsendt for \u00e5 bruke dem andre steder kan du be oss om det.<\/li><\/ul>\n\n\n\n<p>Evt. klager p\u00e5 behandling som er i strid med reglene m\u00e5 rettes til Datatilsynet.<\/p>\n\n\n\n<h3 class=\"wp-block-heading\">Overf\u00f8ring av data til tredjepartsland (utenfor EU\/E\u00d8S)<\/h3>\n\n\n\n<p>Vi utleverer ikke personopplysninger til land utenfor EU\/E\u00d8S.<\/p>\n\n\n\n<p>Google lagrer data i sine datasentre i USA eller i andre land der de har sine datasentre. Det betyr at siden Funn AS benytter Google Analytics p\u00e5 v\u00e5r nettside kan din IP-adresse lagres i land utenfor EU\/E\u00d8S.&nbsp;<a href=\"https:\/\/privacy.google.com\/businesses\/processorterms\/\">Klikk her for \u00e5 lese mer (pkt. 10) i Google sine vilk\u00e5r<\/a>.<\/p>\n\n\n\n<h3 class=\"wp-block-heading\">Lenker til tredjepart<\/h3>\n\n\n\n<p>Vi kan lenke til tredjepartsprodukter og -tjenester p\u00e5 v\u00e5r nettside. Tredjepartsleverand\u00f8rer har sine egne, uavhengige personvernregler; derfor tar vi ikke ansvar for innhold og aktiviteter tilknyttet nettsider som tilh\u00f8rer tredjepart. Vi \u00f8nsker likevel kommentarer til sider vi lenker til, i tilfelle det er relevant for denne personvernerkl\u00e6ringen.<\/p>\n\n\n\n<h3 class=\"wp-block-heading\">Hvordan kontakte oss<\/h3>\n\n\n\n<p>Sp\u00f8rsm\u00e5l rundt den nye personvernloven, samt denne personvernerkl\u00e6ringen, kan rettes til ??? Din henvendelse vil besvares s\u00e5 raskt som mulig.<\/p>\n","protected":false},"excerpt":{"rendered":"<p>Vi verdsetter personvern h\u00f8yt for v\u00e5re bes\u00f8kende, kunder, samarbeidspartnere og ansatte. Denne personvernerkl\u00e6ringen forteller deg hvordan vi, som databehandler, behandler dine personopplysninger iht. EU sin personvernforordning; ogs\u00e5 kalt \u00abGeneral Data Protection Regulation\u00bb (GDPR).<\/p>\n","protected":false},"author":1,"featured_media":0,"parent":0,"menu_order":0,"comment_status":"closed","ping_status":"closed","template":"","meta":{"inline_featured_image":false,"footnotes":""},"uagb_featured_image_src":{"full":false,"thumbnail":false,"medium":false,"medium_large":false,"large":false,"1536x1536":false,"2048x2048":false},"uagb_author_info":{"display_name":"wpadmin","author_link":"http:\/\/signsofsvalbard.com\/?author=1"},"uagb_comment_info":0,"uagb_excerpt":"Vi verdsetter personvern h\u00f8yt for v\u00e5re bes\u00f8kende, kunder, samarbeidspartnere og ansatte. Denne personvernerkl\u00e6ringen forteller deg hvordan vi, som databehandler, behandler dine personopplysninger iht. EU sin personvernforordning; ogs\u00e5 kalt \u00abGeneral Data Protection Regulation\u00bb (GDPR).","yoast_head":"<!-- This site is optimized with the Yoast SEO Premium plugin v14.9 - https:\/\/yoast.com\/wordpress\/plugins\/seo\/ -->\n<title>Personvern - Signs of Svalbard<\/title>\n<meta name=\"robots\" content=\"index, follow, max-snippet:-1, max-image-preview:large, max-video-preview:-1\" \/>\n<link rel=\"canonical\" href=\"http:\/\/signsofsvalbard.com\/personvern\" \/>\n<meta property=\"og:locale\" content=\"nb_NO\" \/>\n<meta property=\"og:type\" content=\"article\" \/>\n<meta property=\"og:title\" content=\"Personvern - Signs of Svalbard\" \/>\n<meta property=\"og:description\" content=\"Vi verdsetter personvern h\u00f8yt for v\u00e5re bes\u00f8kende, kunder, samarbeidspartnere og ansatte. Denne personvernerkl\u00e6ringen forteller deg hvordan vi, som databehandler, behandler dine personopplysninger iht. EU sin personvernforordning; ogs\u00e5 kalt \u00abGeneral Data Protection Regulation\u00bb (GDPR).\" \/>\n<meta property=\"og:url\" content=\"http:\/\/signsofsvalbard.com\/personvern\" \/>\n<meta property=\"og:site_name\" content=\"Signs of Svalbard\" \/>\n<meta property=\"article:publisher\" content=\"https:\/\/www.facebook.com\/FunnIT\/\" \/>\n<meta property=\"article:modified_time\" content=\"2021-09-01T10:02:26+00:00\" \/>\n<meta property=\"og:image\" content=\"http:\/\/signsofsvalbard.com\/wp-content\/uploads\/2020\/09\/default.png\" \/>\n\t<meta property=\"og:image:width\" content=\"1200\" \/>\n\t<meta property=\"og:image:height\" content=\"630\" \/>\n<meta property=\"fb:app_id\" content=\"781579829309451\" \/>\n<meta name=\"twitter:card\" content=\"summary_large_image\" \/>\n<script type=\"application\/ld+json\" class=\"yoast-schema-graph\">{\"@context\":\"https:\/\/schema.org\",\"@graph\":[{\"@type\":\"Organization\",\"@id\":\"http:\/\/signsofsvalbard.com\/#organization\",\"name\":\"Funn\",\"url\":\"http:\/\/signsofsvalbard.com\/\",\"sameAs\":[\"https:\/\/www.facebook.com\/FunnIT\/\",\"https:\/\/www.instagram.com\/funn_it\/\",\"https:\/\/www.linkedin.com\/company\/funn-it\/\",\"https:\/\/www.youtube.com\/channel\/UCNqKnU4HzYMAqspFyYIXvcA\"],\"logo\":{\"@type\":\"ImageObject\",\"@id\":\"http:\/\/signsofsvalbard.com\/#logo\",\"inLanguage\":\"nb-NO\",\"url\":\"http:\/\/signsofsvalbard.com\/wp-content\/uploads\/2020\/09\/Funn-logo.png\",\"width\":629,\"height\":648,\"caption\":\"Funn\"},\"image\":{\"@id\":\"http:\/\/signsofsvalbard.com\/#logo\"}},{\"@type\":\"WebSite\",\"@id\":\"http:\/\/signsofsvalbard.com\/#website\",\"url\":\"http:\/\/signsofsvalbard.com\/\",\"name\":\"Signs of Svalbard\",\"description\":\"\",\"publisher\":{\"@id\":\"http:\/\/signsofsvalbard.com\/#organization\"},\"potentialAction\":[{\"@type\":\"SearchAction\",\"target\":\"http:\/\/signsofsvalbard.com\/?s={search_term_string}\",\"query-input\":\"required name=search_term_string\"}],\"inLanguage\":\"nb-NO\"},{\"@type\":\"WebPage\",\"@id\":\"http:\/\/signsofsvalbard.com\/personvern\/#webpage\",\"url\":\"http:\/\/signsofsvalbard.com\/personvern\/\",\"name\":\"Personvern - Signs of Svalbard\",\"isPartOf\":{\"@id\":\"http:\/\/signsofsvalbard.com\/#website\"},\"datePublished\":\"2020-11-03T13:55:48+00:00\",\"dateModified\":\"2021-09-01T10:02:26+00:00\",\"inLanguage\":\"nb-NO\",\"potentialAction\":[{\"@type\":\"ReadAction\",\"target\":[\"http:\/\/signsofsvalbard.com\/personvern\/\"]}]}]}<\/script>\n<!-- \/ Yoast SEO Premium plugin. -->","_links":{"self":[{"href":"http:\/\/signsofsvalbard.com\/index.php?rest_route=\/wp\/v2\/pages\/1178"}],"collection":[{"href":"http:\/\/signsofsvalbard.com\/index.php?rest_route=\/wp\/v2\/pages"}],"about":[{"href":"http:\/\/signsofsvalbard.com\/index.php?rest_route=\/wp\/v2\/types\/page"}],"author":[{"embeddable":true,"href":"http:\/\/signsofsvalbard.com\/index.php?rest_route=\/wp\/v2\/users\/1"}],"replies":[{"embeddable":true,"href":"http:\/\/signsofsvalbard.com\/index.php?rest_route=%2Fwp%2Fv2%2Fcomments&post=1178"}],"version-history":[{"count":3,"href":"http:\/\/signsofsvalbard.com\/index.php?rest_route=\/wp\/v2\/pages\/1178\/revisions"}],"predecessor-version":[{"id":1277,"href":"http:\/\/signsofsvalbard.com\/index.php?rest_route=\/wp\/v2\/pages\/1178\/revisions\/1277"}],"wp:attachment":[{"href":"http:\/\/signsofsvalbard.com\/index.php?rest_route=%2Fwp%2Fv2%2Fmedia&parent=1178"}],"curies":[{"name":"wp","href":"https:\/\/api.w.org\/{rel}","templated":true}]}}